5 = 0. What is o(x)?
4
Let v(w) = -w**3 + w**2 - 2*w + 2. Let x(q) = -q**3 - 19*q**2 + q + 22. Let r be x(-19). Give v(r).
-22
Suppose -l = 4*r - 4*l - 3, -r - 5*l - 5 = 0. Let i(g) be the third derivative of 1/60*g**5 + 0 + 0*g + r*g**4 - 2*g**2 - 1/2*g**3. Calculate i(0).
-3
Let l(k) = -k**3 + k**2 + 1. Suppose 0 = 5*s - 21 - 4, -26 = 2*u - 2*s. Let p = 2 + u. Let a(f) = -f**3 - 6*f**2 + f + 6. Let d be a(p). Calculate l(d).
1
Let t(l) = 5*l**2 + 1. Let y be (-25)/10 + 6/4. Suppose 0*a + 8 = -4*a. Let k = y - a. Give t(k).
6
Let g(h) = h**2 + 53*h**3 + 49*h**3 + 5 - 103*h**3. Calculate g(0).
5
Let c(r) be the second derivative of r**5/20 - r**4/6 - r**3/2 - r**2 + 4*r. Let y be c(3). Let z(v) = -3*v + 1. Calculate z(y).
7
Suppose 5*k + 0 = 15. Let y(i) = -11*i + 0 + 0 + k - 2. Determine y(1).
-10
Let t(b) = b**2 + 7*b - 3. Suppose j - 3*j = 12. What is t(j)?
-9
Let r(x) = 2*x**3 + 1 - 1 + x**2 - 2*x. Let u(y) = y - 7. Let a be u(5). Determine r(a).
-8
Suppose -2*w = 5*n + 21, n - 3*n + 2*w = 14. Let t(j) = -j**2 - 6*j + 1. Give t(n).
6
Let l be 14/4 + (-3)/6. Suppose 0 = -a - 3*m - 1, 2*a + 0*a - l*m + 2 = 0. Let i(x) = -8*x - 1. Give i(a).
7
Let y(m) be the first derivative of -m**3/3 + 3*m**2 - 2*m - 8. Calculate y(5).
3
Let m(g) = 2*g + 1. Let c(w) = 2*w + 1. Let l(j) = -3*c(j) + 2*m(j). Calculate l(-5).
9
Let a(h) be the first derivative of -h**3/3 + 7*h**2/2 - 8*h - 52. Give a(7).
-8
Let o(c) be the third derivative of c**6/60 - c**5/12 + c**4/24 + c**3/3 + 10*c**2 - 3. Give o(3).
14
Let y(w) = -13*w**3 - 4*w**2 + 7*w. Let l(u) = u**3 - 3*u**2 + 4*u**2 - 2*u + 2*u**3. Let i(k) = 9*l(k) + 2*y(k). Let s be 228/(-72) + (-2)/(-12). What is i(s)?
-6
Let g(q) = -4*q**2 + 5*q - q**3 + 0 - 1 + 8. Let z(r) = r**2 - 5*r - 5. Let j be z(5). Give g(j).
7
Let b(f) = f**3 + f**2 - 2*f. Let j be 14/(8/2 + -2). Let v = j - 1. Suppose -2*p - 4*z = 12, 0 = -z + 4*z + v. Calculate b(p).
0
Let n(m) = -m**3 + 6*m**2 + 2*m + 2. Let f be n(6). Suppose -2*g + 6 = f. Let a(u) = u**2 + 3*u + 1. Let h be a(g). Let v(x) = x - 1. Calculate v(h).
4
Let m(b) = -5 - 2 + 3 + b. Let u(y) = y**2 + 18*y - 6. Let r be u(-18). Give m(r).
-10
Let n(o) = -2 + 91*o**2 + 0 - 1 - 6*o - 90*o**2. Determine n(5).
-8
Let l be 2*5*4/(-10). Let d(u) = -u**2 - 3*u + 4. Let r be d(l). Let n(m) = r*m + 2 + m - 2*m. Calculate n(3).
-1
Let o(j) = 7*j**3 - 17*j**2 + 12*j - 4. Let q(r) = -r + 5. Let z be q(8). Let c(k) = 4*k**3 - 9*k**2 + 6*k - 2. Let h(n) = z*o(n) + 5*c(n). What is h(5)?
-3
Let i(g) = -4*g**3 - g + g**3 + 4*g**3 - 2 - 2*g**2 + 0*g. Determine i(2).
-4
Suppose 1 + 3 = 4*a. Let b(r) = -2*r + 1. What is b(a)?
-1
Let n = -5 + 0. Let s = 18 - 12. Let l(q) = 3 - s*q + 8*q + 4. Calculate l(n).
-3
Suppose -2*j + 21 = 3*h - j, 4*j + 12 = 0. Let k = -9 + h. Let m(y) = -9*y**3 + 1. What is m(k)?
10
Let n(w) = 2*w**2 - w - 1. Suppose 3*m - 5*t - 31 = 0, -2*m + 2 - 8 = 2*t. Give n(m).
5
Let z(j) = j**2 + 4*j. Let h(n) = -2*n**2 - 4*n + 1. Let g(y) = -2*h(y) - 3*z(y). Let f = 4 + -16. Let q = -7 - f. What is g(q)?
3
Let w(p) = -p. Let s(c) = 5*c. Let k(r) = s(r) + 4*w(r). Let q(u) = 6 - 13*u + 2*u + u**2 + 2*u. Let y(z) = 2*k(z) + q(z). Calculate y(5).
-4
Let b(w) = 3*w**2 + w + 5. Let d(r) = 2*r**2 + r + 4. Let v(p) = -3*b(p) + 4*d(p). What is v(2)?
-1
Let z(q) = -q**3 - q - 6. Let t(s) = s**3 + s + 6. Let o(m) = -5*t(m) - 4*z(m). Let u(w) = -w**3 + 2*w**2 + w - 2. Let n be u(2). What is o(n)?
-6
Let w = 0 - -3. Let a(f) = f**w - 53*f**2 - 1 - 2*f + 53*f**2. Suppose 2*q + 4 = -2*q. Calculate a(q).
0
Let t(x) = 2*x**3 + 4*x**2 - 5*x - 7. Let j(b) = b**3 - b - 1. Let h(p) = -3*j(p) + t(p). Let v = 8 - 5. Calculate h(v).
-1
Let f(g) = g**3 + g**2. Let t(v) = v**3 + 4*v**2 + 5*v - 2. Let j(h) = -2*f(h) + t(h). Let c be j(3). Let w(x) = -x**3 + 4*x**2 - 5. Give w(c).
-5
Let t(d) = -3*d. Let l = 7 + -5. Suppose -4*y - l = -10. What is t(y)?
-6
Let c be 40/18 + 2/(-9). Suppose 13 = -l + c. Let p(n) = -16*n**2 - 36*n + 1. Let z(r) = -3*r**2 - 7*r. Let t(h) = l*z(h) + 2*p(h). Give t(-4).
-2
Let b(u) = -3*u**2 - u**2 + 2 + 8*u**2 + u - u**3 - 10*u**2. Give b(-6).
-4
Let t(h) be the third derivative of -h**4/24 - 2*h**3/3 - 2*h**2. Let c be t(-6). Suppose -3*n + n = -c. Let s(f) = -4*f**3 - 2*f + 1. Give s(n).
-5
Let k(s) = 2*s**2 + 9*s + 2. Let y be k(-6). Suppose -2*t - y = 3*t. Let w(a) = -1. Let u(l) = 2*l + 7. Let n(g) = -u(g) - 6*w(g). Determine n(t).
7
Let u(w) be the third derivative of -w**6/120 - w**5/12 - w**4/8 - 2*w**3/3 - 6*w**2. Determine u(-5).
11
Let t(f) = -3*f**3 - 5*f**2 + 5*f - 4. Let n(a) = -2*a**3 + a**2 - a + 1. Let j(q) = n(q) - t(q). Let r be (-2 - -1) + -2 + -4. What is j(r)?
-2
Let v(l) = -4*l + 1 - 4 + 5*l - 4*l. Determine v(4).
-15
Let o(g) = 4*g**2 + g. Let u = -9 - -13. Suppose -4*v - 2*c = -v + 5, 5 = -u*v - c. Calculate o(v).
3
Let u(p) = -p - 1 - 3*p + 0 + p**2 + 3*p. Let z be -1 + 2 - (-1 - -2). Give u(z).
-1
Let j be 2/(-9) + 11/9. Let a(u) = 3*u**3 - u**2 + 1. Give a(j).
3
Let b be 18/(-15)*(-20)/(-6). Let q be (b/6)/(5/(-15)). Let r(i) = 7*i - 1 + 0 - 4*i. Calculate r(q).
5
Suppose 7*w - 3*w = 0. Suppose 5*q + w*q = 0. Let o(r) = -r - 3. Determine o(q).
-3
Let s(l) be the second derivative of -8*l**3/3 - 12*l. Calculate s(1).
-16
Let v(y) = y**2 + 13*y - 4. Let r = -106 - -93. What is v(r)?
-4
Let b(n) = n. Let o(k) = -2*k - 4. Let f(m) = -b(m) - o(m). Let g = 3 - 9. Calculate f(g).
-2
Let c(b) be the first derivative of b**6/15 - b**5/60 - b**4/24 - 3*b**2/2 - 4. Let m(d) be the second derivative of c(d). What is m(-1)?
-8
Let k(a) = -a + 3. Suppose -3*c = 1 + 2. Let z(n) = -4*n + 1. Let j be z(c). Give k(j).
-2
Suppose 10*b - 14*b = -56. Let n(q) = q**3 - 15*q**2 + 13*q + 10. Determine n(b).
-4
Let n(h) = 5*h + 10. Let i(g) = g + 3. Let k(c) = -10*i(c) + 3*n(c). Give k(-1).
-5
Let f(t) = -t**3 - t**2 + 4*t + 3. Let j(s) = -s**2 - 4*s + 2. Let n be j(-5). Calculate f(n).
9
Let o(d) be the first derivative of 5 - 1/2*d**2 - 3*d. Determine o(-5).
2
Let p(a) = -a**2 + 3. Let n be p(0). Suppose -20 = -n*l - 5. Let j(b) = b - l*b**2 + 2 + b**3 + 1 + 2*b. Give j(3).
-6
Let r(v) = -2*v - 11. Let x(w) = -3*w - 21. Let t(l) = -5*r(l) + 3*x(l). Calculate t(-7).
-15
Let p(o) = o + 10. Let a(j) = 1. Let z(b) = -18*a(b) + 2*p(b). Calculate z(2).
6
Let s(a) be the second derivative of -a**6/360 - a**4/4 + a. Let q(f) be the third derivative of s(f). Suppose l - 1 = 3*d, 4*l + d - 19 = -2*d. Calculate q(l).
-8
Let m(z) = 9*z**3 + 23*z**2 - 8*z - 25. Let q(b) = -5*b**2 + 13 - 5*b**3 + 4*b - 8*b**2 + b**2. Let t(g) = -6*m(g) - 11*q(g). Determine t(5).
2
Let s(i) = -i**3 + i**2 - i - 3. Let c be s(-3). Let d be (-4)/6*c/4. Let t = -3 - d. Let p(a) = 2*a**2 - 2*a - 1. Give p(t).
11
Let j(r) = 2*r**2 - 4*r + 3. Let n be j(2). Let q(g) = 2*g + 2. What is q(n)?
8
Let d(q) = 58*q**2 - 27*q**2 - 36*q**2 + q**3 + 7. What is d(5)?
7
Let w(r) = -r + 2. Let x(h) = -h + 3. Let u(m) = 4*w(m) - 3*x(m). Determine u(2).
-3
Let i(w) = 3 - 5 + 4 - 3*w**2 + 2*w**2 - 9*w. Give i(-9).
2
Suppose 2*z + 5 = -6*w + 7*w, -5*w - 7 = -2*z. Suppose -4 = 3*j - 13. Let x(a) = 2 + j - a**3 - 3*a - 5*a**2 + 2*a. Determine x(z).
-7
Suppose -3*v + 3*f = 0, 2*v + 36 - 1 = -5*f. Let s = 19 - v. Let m be s/20*10/(-4). Let a(r) = r**2 + 2*r - 4. Determine a(m).
-1
Let g(v) = v + 7. Let o be g(-7). Let t(u) = 4*u**2 + 4*u + 0*u**3 + o*u**2 + u**3. Determine t(-3).
-3
Suppose 0*j - 4*j = -4*l, -j = 0. Let z(m) be the third derivative of -m**2 + 1/8*m**4 + 0 + l*m + 1/2*m**3 - 1/60*m**5. What is z(5)?
-7
Suppose 3*w + w + 12 = 0, -a = 5*w + 10. Let r(i) = -2 - 6*i**2 + 4*i**2 - i**3 + a*i**2 + 4*i + 1. Give r(4).
-1
Let l(a) be the second derivative of 4*a + 1/6*a**3 + 1/6*a**4 + 2/5*a**5 + 0*a**2 + 0. Determine l(-1).
-7
Let n(s) = -s**2 - 2*s + 2*s - 4*s + 3 + 2*s. Let w be (1 - 0)/(2/20). Suppose 4*y - 5*b = 8, 2*b - w = -2*y + 6*b. Determine n(y).
0
Let a(f) = 21 - 20 + 7*f - 7*f - 4*f. Calculate a(1).
-3
Let j(r) = -7*r**2 - 10*r + 9. Let u(c) = 13*c**2 + 19*c - 17. Let g(q) = -11*j(q) - 6*u(q). Suppose -15 = -0*z + 3*z. Determine g(z).
-2
Suppose 3 = -4*b + 11. Let o(u) = 0*u**3 + u + 0*u**b - u**3 + 2*u**2. Let w be (-3 + 22/2)*2/8. Give o(w).
2
Let x(p) = -p**2 + 5*p + 5. Let g(w) = w + 21. Let r be g(-1